the prime factors of 304135.
5, 13, 4679
List the prime factors of 545473.
545473
List the prime factors of 7211.
7211
What are the prime factors of 15919804?
2, 43, 92557
What are the prime factors of 1159986?
2, 3, 103, 1877
What are the prime factors of 2719574?
2, 11, 13, 37, 257
List the prime factors of 1795043.
1795043
List the prime factors of 16851983.
37, 613, 743
List the prime factors of 510665.
5, 109, 937
What are the prime factors of 2402565?
3, 5, 11, 14561
What are the prime factors of 2894306?
2, 1447153
What are the prime factors of 28866?
2, 3, 17, 283
What are the prime factors of 881613?
3, 23, 4259
List the prime factors of 5417726.
2, 71, 38153
List the prime factors of 286252.
2, 71563
What are the prime factors of 8498?
2, 7, 607
List the prime factors of 3610973.
31, 116483
What are the prime factors of 6818298?
2, 3, 1136383
List the prime factors of 811151.
11, 37, 1993
List the prime factors of 360365.
5, 72073
List the prime factors of 240473.
240473
What are the prime factors of 2678522?
2, 7, 11, 17393
List the prime factors of 96915.
3, 5, 7, 13, 71
What are the prime factors of 7640966?
2, 1451, 2633
What are the prime factors of 5704957?
5704957
What are the prime factors of 2398233?
3, 23, 34757
List the prime factors of 456402.
2, 3, 29, 43, 61
What are the prime factors of 369828?
2, 3, 10273
List the prime factors of 123653.
123653
List the prime factors of 557484.
2, 3, 46457
List the prime factors of 2752566.
2, 3, 193, 2377
List the prime factors of 812732.
2, 203183
List the prime factors of 3871152.
2, 3, 29, 103
What are the prime factors of 15669866?
2, 7834933
What are the prime factors of 628003?
379, 1657
List the prime factors of 105910.
2, 5, 7, 17, 89
What are the prime factors of 5156875?
5, 37, 223
List the prime factors of 2113151.
17, 124303
List the prime factors of 6486217.
6486217
List the prime factors of 325478.
2, 162739
What are the prime factors of 141582?
2, 3, 7, 3371
List the prime factors of 287143.
101, 2843
List the prime factors of 27115259.
27115259
What are the prime factors of 7980457?
523, 15259
What are the prime factors of 640060?
2, 5, 32003
List the prime factors of 86027.
86027
List the prime factors of 896463.
3, 99607
List the prime factors of 304450.
2, 5, 6089
List the prime factors of 1034834.
2, 517417
List the prime factors of 372669.
3, 11, 23, 491
What are the prime factors of 7636161?
3, 13, 23, 8513
List the prime factors of 1560986.
2, 7, 43, 2593
List the prime factors of 168820.
2, 5, 23, 367
List the prime factors of 1215924.
2, 3, 19, 5333
List the prime factors of 8336102.
2, 109, 38239
List the prime factors of 883108.
2, 23, 29, 331
List the prime factors of 688689.
3, 23, 1109
List the prime factors of 330255.
3, 5, 41, 179
What are the prime factors of 155056?
2, 11, 881
What are the prime factors of 363994?
2, 181997
What are the prime factors of 1001952?
2, 3, 7, 71
List the prime factors of 778872.
2, 3, 17, 23, 83
What are the prime factors of 26346433?
307, 85819
What are the prime factors of 310384?
2, 19, 1021
List the prime factors of 484101.
3, 19, 149
What are the prime factors of 901269?
3, 239, 419
What are the prime factors of 397331?
11, 41, 881
What are the prime factors of 4333317?
3, 17, 84967
What are the prime factors of 7465341?
3, 13, 67, 2857
List the prime factors of 10104194.
2, 5052097
List the prime factors of 180318.
2, 3, 41, 733
List the prime factors of 10450432.
2, 20411
List the prime factors of 384246.
2, 3, 21347
What are the prime factors of 3845949?
3, 1281983
What are the prime factors of 4918047?
3, 1639349
List the prime factors of 3217752.
2, 3, 14897
List the prime factors of 60564.
2, 3, 7, 103
List the prime factors of 246124.
2, 37, 1663
What are the prime factors of 3320938?
2, 1660469
What are the prime factors of 1815169?
103, 17623
List the prime factors of 95678.
2, 11, 4349
List the prime factors of 604666.
2, 43, 79, 89
List the prime factors of 13987.
71, 197
What are the prime factors of 842684?
2, 210671
List the prime factors of 19707015.
3, 5, 1069, 1229
What are the prime factors of 35556?
2, 3, 2963
List the prime factors of 23782753.
23782753
List the prime factors of 9312861.
3, 23, 139, 971
List the prime factors of 1053686.
2, 29, 37, 491
What are the prime factors of 20462?
2, 13, 787
What are the prime factors of 3764889?
3, 418321
List the prime factors of 17772232.
2, 89, 109, 229
What are the prime factors of 680448?
2, 3, 443
List the prime factors of 1246137.
3, 415379
List the prime factors of 1840281.
3, 613427
List the prime factors of 9582482.
2, 7, 13, 37, 1423
What are the prime factors of 274297?
43, 6379
What are the prime factors of 25668200?
2, 5, 128341
What are the prime factors of 5582527?
5582527
What are the prime factors of 4106120?
2, 5, 102653
What are the prime factors of 6784015?
5, 7, 239, 811
List the prime factors of 6737631.
3, 149, 15073
List the prime factors of 573955.
5, 191, 601
What are the prime factors of 262179?
3, 29131
List the prime factors of 1304841.
3, 434947
List the prime factors of 6318186.
2, 3, 7, 17, 8849
What are the prime factors of 1096842?
2, 3, 31, 5897
List the prime factors of 8889646.
2, 4444823
List the prime factors of 304082.
2, 152041
List the prime factors of 4421648.
2, 7, 11, 37, 97
What are the prime factors of 2169546?
2, 3, 229, 1579
What are the prime factors of 24572?
2, 6143
List the prime factors of 144489.
3, 48163
List the prime factors of 56329.
7, 13, 619
List the prime factors of 51414.
2, 3, 11, 19, 41
List the prime factors of 360630.
2, 3, 5, 4007
What are the prime factors of 285151?
285151
What are the prime factors of 249743?
13, 19211
List the prime factors of 84245.
5, 7, 29, 83
List the prime factors of 161825.
5, 6473
List the prime factors of 1120327.
13, 86179
What are the prime factors of 5449081?
11, 495371
What are the prime factors of 7150018?
2, 53, 67453
List the prime factors of 6148518.
2, 3, 691, 1483
List the prime factors of 2234861.
59, 37879
What are the prime factors of 432638?
2, 216319
List the prime factors of 1254412.
2, 313603
What are the prime factors of 642374?
2, 321187
What are the prime factors of 2975629?
17, 113, 1549
List the prime factors of 341726.
2, 7, 11, 317
List the prime factors of 594589.
547, 1087
What are the prime factors of 303690?
2, 3, 5, 53, 191
What are the prime factors of 404720?
2, 5, 5059
What are the prime factors of 426707?
426707
What are the prime factors of 3134160?
2, 3, 5, 1451
List the prime factors of 5246856.
2, 3, 2699
What are the prime factors of 2410379?
17, 71, 1997
What are the prime factors of 21296062?
2, 373, 28547
List the prime factors of 1442445.
3, 5, 23, 37, 113
List the prime factors of 823632.
2, 3, 17159
List the prime factors of 7388838.
2, 3, 410491
What are the prime factors of 663307?
31, 21397
List the prime factors of 834970.
2, 5, 83497
List the prime factors of 1005692.
2, 103, 2441
What are the prime factors of 905962?
2, 431, 1051
What are the prime factors of 2872564?
2, 89, 8069
What are the prime factors of 246434?
2, 123217
List the prime factors of 2844168.
2, 3, 17, 6971
What are the prime factors of 3467358?
2, 3, 192631
What are the prime factors of 524139?
3, 7, 11, 2269
What are the prime factors of 932996?
2, 41, 5689
List the prime factors of 11065715.
5, 2213143
What are the prime factors of 53181?
3, 19, 311
What are the prime factors of 941991?
3, 313997
List the prime factors of 11473562.
2, 5736781
What are the prime factors of 458539?
137, 3347
What are the prime factors of 426399?
3, 89, 1597
What are the prime factors of 11015672?
2, 47, 29297
List the prime factors of 181214.
2, 11, 8237
What are the prime factors of 2572696?
2, 7, 6563
What are the prime factors of 17441901?
3, 1937989
List the prime factors of 1283733.
3, 11, 12967
What are the prime factors of 126942?
2, 3, 21157
What are the prime factors of 2974152?
2, 3, 123923
What are the prime factors of 13595675?
5, 543827
What are the prime factors of 158183?
317, 499
What are the prime factors of 3749057?
13, 288389
List the prime factors of 111803.
23, 4861
What are the prime factors of 791549?
11, 227, 317
List the prim